culate v(a).
-16
Suppose -4*u - 53 = a, u + 3*a + 33 = -2*u. Let f = 19 + u. Suppose 4*y - 1 + f = 0. Let o(l) = 6*l + 1. Calculate o(y).
-5
Let w = 34 + -32. Let m(k) = -1192*k + 0*k**w + k**3 + 1191*k + 5 + 0*k**2. What is m(0)?
5
Let q(k) be the first derivative of -k**3/3 + 17*k**2/2 - 162. Calculate q(17).
0
Let s(m) be the first derivative of -m**4/4 + 5*m**3/3 + 5*m**2/2 - m + 4. Suppose 1 = 4*u - 3. Let r be (7 - u) + 0/(-6). What is s(r)?
-7
Let x = 10 - 8. Let q(p) = -x*p**2 + 3*p**2 - 2*p**2 + 4*p + 8. Let v = 37 - 31. Determine q(v).
-4
Let h(w) = 5*w + 5. Suppose 0 = 2*m - 68 + 76. Calculate h(m).
-15
Let k be 3100/(-3) + 14/(-21). Let q be (-2)/9 + k/(-198). Let z(u) = u**3 - 5*u**2 + 3*u - 6. Calculate z(q).
9
Let o be 350/(-11) + 6/(-33). Let m = o + 33. Let h(s) = -6*s**2 - s + 1. Determine h(m).
-6
Let j(m) = -m**3 + 8*m**2 + 3*m - 6. Suppose 4*o = -2*f + 178 + 20, -2*f - 3*o + 200 = 0. Let d = 111 - f. Calculate j(d).
18
Let u(g) be the third derivative of 2*g**4/3 - g**3/3 + 2*g**2. Let q be u(1). Let j(p) = -3 - 11 + p + q. Calculate j(-4).
-4
Let y(b) = -b**3 + 7*b**2 + 7*b + 5. Let s(p) = 2*p**2 - 22*p - 5. Let z be s(11). Let d be (16/z + 4)*10. Give y(d).
-3
Let o(r) be the first derivative of r**4/4 - 3*r**3 + 4*r**2 + 5*r + 26. Suppose g = 7 + 1. Give o(g).
5
Let g(p) = -2*p + 13 - 8 + 1. Give g(-8).
22
Let g(v) be the third derivative of -v**6/60 + v**5/60 - v**3/3 + 2*v**2 - 154*v. Suppose 2*b - 5*b = -6. Calculate g(b).
-14
Suppose 4*d + 2*d = 18. Suppose d*m + 2 = 5. Let u(p) = 4*p - 1. Let b(j) = 3*j - 1. Let z(w) = -6*b(w) + 5*u(w). What is z(m)?
3
Let d(x) = -6*x - 1. Let y be d(-1). Let l(v) = v + 0 - y + v + 13. Give l(-6).
-4
Let x = -701 - -480. Let z = x - -217. Let n(w) be the third derivative of w**6/120 + w**5/12 + w**4/24 + w**3/6 - w**2. Give n(z).
13
Let i = -31 - -26. Let b(z) = 2*z + 1. Let g(n) = -2*n - n + 1 + 2*n + 2*n. Let k(s) = -b(s) + 3*g(s). Give k(i).
-3
Suppose 16 = -0*m + 4*m. Let p = 2 - m. Let s(k) = -6 + 31 - 15 - 8 + k. Calculate s(p).
0
Let g(i) = i + 2*i - 5 - 2*i. Suppose 17*n - 245 = 12*n. Suppose -6 = n*d - 51*d. Give g(d).
-2
Let z(p) = -2*p + 11*p**2 + 2*p. Suppose -5 - 15 = 4*c. Let n(m) = -m**2 - 6*m - 6. Let t be n(c). What is z(t)?
11
Let r be (20/15)/((-12)/27). Let k(h) = -h**3 + h**2 + 5*h + 3. Determine k(r).
24
Let z(m) = -m**3 + 7*m**2 - m + 9. Let l = 10 - 3. Let q be z(l). Let i(d) = d - d**q - 5 + 2 - 2*d. Give i(0).
-3
Let g be (-3 - (-8 - -4))*0. Let o be g + (-13)/3 + 20/(-30). Let l(i) = -i**3 - 6*i**2 - 3*i. Calculate l(o).
-10
Let k(a) = 7*a**3 + 19*a**2 + 19*a - 26. Let x(d) = 4*d**3 + 10*d**2 + 10*d - 14. Let i(f) = 3*k(f) - 5*x(f). Calculate i(-6).
-14
Let b(m) = -2*m + 16. Let z(t) = 5*t**2 - 35*t + 7. Let j be z(7). Determine b(j).
2
Let b(z) be the second derivative of z**4/12 + 5*z**3/3 - 11*z**2/2 + 50*z. Give b(-10).
-11
Let r(c) = c**2 + 6*c. Let i(d) = -10*d - 3*d**2 - 2*d - d + 0*d**2. Let z(o) = 2*i(o) + 5*r(o). Calculate z(2).
4
Suppose -2*q - 2*q = -12. Let d(s) = s + s**3 - 2 - 1 + q*s - 5*s**2. Let w(k) = -9*k**2 + 30*k + 78. Let z be w(5). Determine d(z).
-9
Let p(w) = 0 - 7*w**2 + w + 3*w**2 + 1. Let j be 0/(-1) - 21/7. Let q be j*3/3 + 2. Calculate p(q).
-4
Let d(w) be the first derivative of -w**4/4 + 13*w**3/3 - 11*w**2/2 - 12*w - 120. Determine d(12).
0
Let v(b) = 5*b + 1. Let f(n) = -n - 9. Let o be f(-13). Let m(j) = 14*j + 3. Let p(l) = o*m(l) - 11*v(l). Determine p(0).
1
Let y be 1/((170/40)/17). Let n(k) = k**2 - 6*k. Calculate n(y).
-8
Suppose 2*j + 2 = 6. Let p(w) = -11 + 5*w + j*w**2 - 6 + 19. What is p(-4)?
14
Let b = 8 - 5. Let a be (6/(-10))/(b/(-30)). Suppose 0 = -3*z + a*z. Let s(t) = t**3 + t**2 - 5. Calculate s(z).
-5
Let k(u) be the first derivative of 2*u**3 - u**2 + u - 64. Let c(p) = p + 8. Let a be c(-7). What is k(a)?
5
Let h(f) be the third derivative of -f**6/120 - f**5/12 - f**4/6 - f**3 - 502*f**2. Calculate h(-4).
-6
Let m(q) = -q. Let k(z) = -20 + 2*z + 20 + 2*z. Let h(w) = 3*k(w) + 6*m(w). Determine h(-2).
-12
Let n(c) be the first derivative of 3 + 5/2*c**2 - 1/3*c**3 + 5*c. Give n(7).
-9
Let h(k) be the second derivative of k**4/12 - k**3 + 75*k. Determine h(6).
0
Let o(s) = -s**2 + 2*s + 17. Let n = -1845 - -1852. Determine o(n).
-18
Let a(q) = q**3 + 8*q**2 + 6*q - 1. Let g = 0 + 1. Let s be (12/15)/(g/10). Let x(m) = m**3 - 7*m**2 - 10*m + 9. Let u be x(s). Give a(u).
6
Let w(o) = o**2 - 7*o - 1. Let j(a) = 3*a**2 - 19*a - 7. Suppose 34*r - 14 = 32*r. Let v be j(r). Determine w(v).
-1
Let f(x) = -7*x**2 + x + 7. Let d(y) = -13*y**2 + y + 13. Let q(w) = -6*d(w) + 11*f(w). Let v = -69 + 29. Let n be v/6 - (-4)/6. Give q(n).
5
Suppose -19*v = -17*v + 4. Let q(y) = -7*y**2 + 2*y + 3. Give q(v).
-29
Let b(m) = 20*m - 18*m - 26*m - 1. What is b(1)?
-25
Let f = -544 - -549. Let a(g) = -g**2 + 3*g + 6. Calculate a(f).
-4
Let d = -41 - -46. Suppose -4*w - d*s + 17 = 0, -2*w - 3*w - 25 = -3*s. Let m(a) = 5 + a**2 - 4 - 2*a - 2*a**2. Calculate m(w).
1
Let g be 5/2*80/50. Let n(a) = 1 + 6 + 4*a + 2*a - g*a. Give n(5).
17
Let w(q) = 42 - 16 - 27 + 11*q. What is w(3)?
32
Let v(x) = -3*x + 12. Let h = -40 - -43. Suppose 12 = h*c - 12. What is v(c)?
-12
Let t be (-100)/30*12/10 - -9. Let b(k) = -4*k - k**2 + 6*k - t*k - 1 + 5. Let a = 7 + -4. Determine b(a).
-14
Suppose 0 = -0*s - 5*s + 10. Suppose 2923*d - 2927*d = -8. Let l(z) = -z**s + 0*z**2 + 2 - d*z + 1. Give l(2).
-5
Let u be -2 + 7 + -2 + 1. Let k(g) = 2*g**2 - 7*g**2 - 21 + 5*g + u*g**2 + 17. What is k(5)?
-4
Suppose -7 = -4*c + 1. Suppose -3*w = 34 - 43. Let d(s) = 5*s - 4*s - w*s + 4*s. Give d(c).
4
Let l(v) = -341*v**2 + 170*v**2 + v**3 + 164*v**2 + 12*v - 13*v. Determine l(7).
-7
Let x(w) = 2*w**2 + w + 1. Let s(v) = v**2 - 6*v + 2. Let u(z) = -s(z) + x(z). Calculate u(-5).
-11
Let u(v) = -v - 21. Let f be (8/12)/((-8)/192). Give u(f).
-5
Let f(w) = w**2 - 5*w + 2. Suppose -3 - 3 = 2*m. Let p = m + 6. Calculate f(p).
-4
Let i(h) = -2*h - 4. Let a(l) = 4*l**3 + 8*l**2 + 7*l. Let k be a(-2). What is i(k)?
24
Let w(b) = b + 21. Suppose -60*v - 72 = 4*f - 59*v, -f + 3*v = 18. Calculate w(f).
3
Let t(n) be the third derivative of n**5/60 - 5*n**4/24 - n**3 + 129*n**2. Determine t(7).
8
Let o(x) be the third derivative of -3*x**4/4 - 7*x**3/6 - 819*x**2. Calculate o(3).
-61
Let o(r) be the second derivative of 1/6*r**3 + 0*r**2 + 1/6*r**4 - 4*r + 1/20*r**5 + 0. Let a be (-6)/27 - (1 + (-21)/(-27)). What is o(a)?
-2
Let u(x) = 4 - x**2 - 2*x + 6 - 4. Let m(l) = l**2 + l - 3. Let s be m(-3). Suppose -5*p + s*n = 34, -5 = 4*p - n + 18. Give u(p).
-9
Let h(x) = -9*x**3 + 8*x + 15*x**3 - 5 - 8*x**2 - 5*x**3. Calculate h(7).
2
Let k(u) = -u**2 + 9*u - 4. Let h(i) = 3*i + 20. Let b be h(-4). Give k(b).
4
Suppose -16*k = -4*g - 20*k - 44, -2*g - 3*k - 23 = 0. Let b(o) = o**3 + 9*o**2 - 10*o - 10. Give b(g).
-10
Let z(l) be the first derivative of 1/3*l**3 + 2*l + l**2 - 1. Suppose -4*s = -3*s + 3. What is z(s)?
5
Let a(r) be the first derivative of -r**4/4 - 5*r**3/3 + r**2/2 + 5*r - 39. Suppose 5*y - 4 + 29 = 0. Give a(y).
0
Let k(w) = w**3 - 4*w**2 + 4*w. Let c be k(3). Let s(f) = -f**2 - f + 1. Let b(q) = -q**3 + 7*q**2 + q + 1. Let y(h) = -b(h) - 3*s(h). What is y(c)?
-7
Let y(b) = 5*b. Let n(u) = 9*u - 1. Let o(p) = -3*n(p) + 5*y(p). Determine o(-8).
19
Suppose -75 = -12*o - 27. Let i(n) be the first derivative of 3*n - o - 1/2*n**2. Determine i(7).
-4
Let l be (0 - -33)*(-4 + (-5 - -10)). Let q(t) = 3 - 75*t - t**2 + 39*t + l*t. What is q(-4)?
-1
Let z(f) = f**3 + 6*f**2 + 5*f - 2. Suppose -3 - 52 = -11*j. Suppose -j*c + 2*c - 15 = 0. Calculate z(c).
-2
Let j(i) = 38*i - 26*i - i**2 + 2*i**2 + 3. What is j(-12)?
3
Let d = 190 + -324. Let l = d + 136. Let i(s) = -6*s + 1. What is i(l)?
-11
Let u(d) = d**2 + 4*d - 14. Suppose -2*k + 49*b - 53*b - 24 = 0, 3*k + b + 21 = 0. Give u(k).
-2
Let i(y) be the third derivative of y**4/24 + 5*y**3/6 + y**2 + 2. What is i(-13)?
-8
Let u(g) = g**2 + 2 - 3 - 5*g + 3. Suppose -3*k + 5 = -2*j, 19*j + 25 = 24*j. What is u(k)?
2
Let t be (-39)/(((-1)/3)/(13/117)). Let m(f) = 2*f - 35. Calculate m(t).
-9
Let c = -629 + 626. Let v(f) = -f**2 + f + 8. What is v(c)?
-4
Suppose -4*w = -2*g + 12 + 90, 20 = 5*w. Let d = g - 55. Let l